6
Calculate the greatest common factor of 26678418 and 104.
26
What is the highest common divisor of 1060992 and 166032?
144
Calculate the greatest common divisor of 388 and 12787316.
388
What is the greatest common divisor of 32 and 56382736?
16
Calculate the highest common factor of 1426 and 303554.
46
Calculate the greatest common factor of 842 and 28538.
2
Calculate the greatest common divisor of 12995634 and 654.
654
Calculate the greatest common divisor of 52826490 and 310.
10
What is the greatest common divisor of 1331328 and 8832?
384
What is the greatest common factor of 598979 and 55958?
571
What is the highest common divisor of 12789556 and 38548?
1676
What is the greatest common divisor of 318 and 360506?
106
Calculate the greatest common factor of 350 and 2941414.
14
Calculate the greatest common factor of 6092631 and 81351.
621
What is the greatest common factor of 4 and 917614?
2
What is the greatest common factor of 537102 and 159318?
954
What is the highest common divisor of 11 and 53723923?
11
Calculate the greatest common divisor of 689476 and 709023.
1777
Calculate the greatest common factor of 6 and 9976860.
6
Calculate the highest common factor of 25230651 and 1805.
361
What is the highest common divisor of 3540 and 851940?
60
Calculate the highest common divisor of 107 and 709.
1
Calculate the highest common factor of 2831466 and 297.
33
Calculate the highest common factor of 2961735 and 2415.
105
Calculate the greatest common factor of 8812593 and 18.
9
What is the greatest common factor of 270 and 363006030?
30
What is the greatest common divisor of 1170 and 3924830?
130
Calculate the greatest common factor of 84 and 4223172.
12
What is the highest common factor of 166511 and 115939?
269
What is the greatest common factor of 355446236 and 1732?
1732
Calculate the greatest common divisor of 1189 and 751912.
29
Calculate the highest common divisor of 113341465 and 2890.
1445
What is the greatest common factor of 39 and 451439?
1
Calculate the greatest common divisor of 297047095 and 2995.
2995
Calculate the highest common divisor of 40 and 23185272.
8
Calculate the highest common divisor of 150585 and 259215.
15
Calculate the greatest common divisor of 11 and 705157233.
11
What is the highest common factor of 3588 and 114552282?
1794
What is the highest common divisor of 95537 and 225114568?
7349
What is the greatest common divisor of 32 and 6387324?
4
Calculate the highest common divisor of 52 and 1907854.
26
What is the greatest common factor of 66424508 and 23392?
2924
Calculate the greatest common factor of 19568 and 57488.
16
What is the highest common factor of 51338 and 29595006?
2702
Calculate the greatest common divisor of 763462336 and 793.
793
Calculate the greatest common factor of 14485080 and 1710.
30
What is the greatest common divisor of 3316395 and 535?
5
Calculate the greatest common factor of 110 and 444204090.
110
Calculate the highest common factor of 24 and 2842092.
12
Calculate the greatest common divisor of 78074 and 111034.
206
What is the highest common divisor of 229162296 and 5808?
264
Calculate the greatest common divisor of 28992063 and 1441155.
9939
Calculate the highest common factor of 271212 and 59267.
97
What is the greatest common factor of 53548 and 684?
4
What is the highest common factor of 5117990 and 12418?
1774
What is the highest common divisor of 98151941 and 1933?
1933
Calculate the highest common divisor of 13 and 22386208.
13
What is the greatest common divisor of 53884099 and 111?
37
What is the greatest common factor of 587160 and 11880?
360
Calculate the highest common divisor of 112284620 and 14.
14
What is the highest common divisor of 40605123 and 1014?
507
What is the greatest common divisor of 1452 and 2180816?
44
What is the greatest common factor of 5454 and 1832645?
101
Calculate the highest common factor of 39 and 27666951.
39
What is the highest common divisor of 364 and 1065532?
52
What is the greatest common divisor of 480019500 and 7400?
3700
What is the highest common factor of 9078 and 1394986?
3026
What is the highest common factor of 8003786 and 56?
14
What is the greatest common divisor of 28786361 and 71819?
6529
What is the greatest common divisor of 2111562 and 756?
54
Calculate the greatest common factor of 28188 and 159471.
261
Calculate the highest common divisor of 64452140 and 12120.
2020
Calculate the highest common divisor of 7271 and 921475643.
7271
Calculate the highest common factor of 122362965 and 3285.
3285
Calculate the highest common divisor of 6480 and 1125840.
240
Calculate the greatest common divisor of 176 and 14241612.
44
Calculate the greatest common divisor of 2008 and 126196274.
502
Calculate the highest common factor of 27803600 and 2272.
1136
Calculate the highest common factor of 701822 and 31911.
11
What is the highest common factor of 42779446 and 170?
34
Calculate the highest common factor of 44577 and 3980561.
1651
What is the greatest common factor of 3111490 and 19270?
410
Calculate the greatest common factor of 7540440 and 45.
15
Calculate the greatest common factor of 16663136 and 3262489.
10627
Calculate the greatest common factor of 357988 and 24428.
124
What is the greatest common factor of 4165 and 13923?
119
Calculate the greatest common divisor of 64716 and 64128.
12
What is the greatest common factor of 168 and 98364252?
84
Calculate the highest common factor of 41511 and 2125515407.
13837
Calculate the greatest common divisor of 696600 and 1561975.
1075
Calculate the highest common divisor of 144935 and 546410.
505
Calculate the greatest common divisor of 3568089 and 42.
21
Calculate the greatest common factor of 8431548 and 3372.
12
Calculate the highest common factor of 306894455 and 68936.
8617
Calculate the greatest common divisor of 71385 and 37005.
15
Calculate the greatest common divisor of 860572 and 3212.
4
What is the highest common factor of 256060 and 20708?
124
What is the greatest common factor of 6191 and 3893401?
41
What is the greatest common factor of 440138 and 966766?
1922
Calculate the highest common divisor of 28304 and 5133.
29
What is the highest common factor of 2107948 and 3796?
292
What is the highest common factor of 133962 and 39543?
807
What is the greatest common divisor of 65 and 42601?
13
What is the greatest common divisor of 265766696 and 4394?
4394
What is the greatest common factor of 11280820 and 20?
20
What is the highest common divisor of 32029214 and 1853?
109
Calculate the greatest common factor of 8314794 and 54.
18
Calculate the highest common divisor of 83295 and 987817.
617
Calculate the greatest common factor of 289366 and 92015.
77
Calculate the highest common divisor of 340 and 477757868.
68
Calculate the highest common factor of 335 and 4806245.
335
What is the greatest common divisor of 98811147 and 12?
3
What is the highest common factor of 26640 and 10618704?
5328
What is the greatest common divisor of 16492 and 595004?
76
Calculate the highest common divisor of 1616385 and 10905.
15
What is the highest common divisor of 20148 and 15210061?
1679
Calculate the greatest common factor of 19548 and 25968432.
2172
Calculate the highest common divisor of 121249 and 1798348.
1073
Calculate the highest common divisor of 16 and 2077132.
4
What is the highest common divisor of 4816 and 52558814?
602
What is the greatest common divisor of 7940 and 2964796?
1588
Calculate the greatest common factor of 2151680 and 3544.
8
What is the greatest common factor of 65 and 314977?
13
Calculate the greatest common factor of 669073 and 1607877.
3503
What is the greatest common divisor of 375 and 233340?
15
Calculate the highest common divisor of 206 and 449286.
206
Calculate the greatest common factor of 7149341 and 1769.
29
What is the highest common divisor of 3670968 and 1442?
14
What is the greatest common factor of 381 and 6804279?
381
What is the highest common factor of 9 and 2467668?
3
Calculate the highest common factor of 76711 and 1517.
41
Calculate the highest common divisor of 21045 and 110745.
345
What is the highest common factor of 7416412 and 7660?
1532
Calculate the greatest common divisor of 221 and 420277.
13
Calculate the highest common divisor of 103532